= -3505 + 3651. What is the highest common divisor of q and 86?
2
Suppose 15 - 20 = -5*n. Let i be (-8)/20*(n - 6). Suppose 3*w - 9 = 0, 2*t + i*w + 24 - 94 = 0. What is the greatest common divisor of t and 8?
8
Let i(y) = y**3 - 38*y**2 - 216*y + 55. Let c be i(43). Let f be (28/8*c)/((-18)/(-60)). Let k be 1*(2 - -9*2). What is the greatest common divisor of f and k?
20
Suppose -73*o = 55*o - 1362944. What is the highest common divisor of o and 363?
121
Suppose 4*y - 2*h = 252, -3*y + 5*h - 123 = -298. Suppose 2*n - 245 = 5*q, 6*n - 3*n + 2*q = 396. Calculate the greatest common factor of y and n.
65
Suppose -82*f = -155*f + 81*f - 440. Calculate the highest common factor of f and 264.
11
Let n(q) = -29*q - 81. Let u be n(6). Let o = -233 - u. Calculate the highest common factor of 1342 and o.
22
Let h = -6258 + 6895. What is the greatest common divisor of 343 and h?
49
Suppose 0 = -2*c + 8*c. Suppose c = -4*a - y + 21, -3*y + 10 = -5. Let j be a/1*(7 + 1 + 2). Calculate the greatest common divisor of 100 and j.
20
Suppose 38*q - 33*q - 110 = 0. Suppose -1665 - 315 = -20*m. What is the greatest common factor of q and m?
11
Let f(u) = -6*u**3 + u**2 + 47*u + 400. Let n be f(-11). Calculate the highest common divisor of 17 and n.
17
Let i(n) = 15*n**2 + 8*n + 75. Let f be i(0). Calculate the greatest common divisor of 255 and f.
15
Let c = 162 + -108. Suppose 297 = c*t - 43*t. What is the highest common factor of 297 and t?
27
Let k be (2/(-2))/((-308583)/(-10287) + -30). Calculate the greatest common factor of k and 9.
3
Suppose 89*u + 24372 = 91*u + 3*n, u = -3*n + 12192. What is the highest common divisor of u and 140?
140
Suppose -4*m = -5*q + 113, m + 2*m - 9 = 0. Let u be (-1)/((-6)/(-9))*24. Let n = -21 - u. Calculate the highest common divisor of n and q.
5
Let q = -1571 - -1590. Let i(c) = 24*c**2 - 1. Let b = -7 - -9. Let o be i(b). What is the highest common factor of q and o?
19
Let q(v) = 3*v**2 - 9*v - 60. Let x be q(8). Suppose 48 = -57*g + x*g. What is the greatest common divisor of g and 100?
4
Suppose -12*p + 5 = -19. Suppose 16 + 20 = 2*u + p*l, 96 = 4*u - 2*l. Calculate the greatest common factor of 99 and u.
11
Suppose -9*d + 541 = -1475. Let k be (1 - 8/(-1))/1. Let u(r) = r**3 - 10*r**2 + 10*r + 19. Let w be u(k). Calculate the highest common divisor of d and w.
28
Let g = 4012 - 3976. Calculate the greatest common divisor of g and 2052.
36
Let k be 1/(-6 + 2202/366). Let n(i) = -i**2 + i + 10. Let v be n(0). Suppose k = -v*u + 1261. What is the greatest common factor of u and 30?
30
Let k = -352 - -401. Let z(f) = f**3 - 6*f**2 + 5*f - 2. Let t be z(6). Suppose -8*h = -4*h - t. Calculate the greatest common divisor of k and h.
7
Suppose -24*w + 10482 - 23597 = -153035. What is the greatest common divisor of w and 440?
110
Suppose 0 = 2*z + 4*l - 40, 5*z + 5*l - 71 = z. Calculate the greatest common factor of 4298 and z.
14
Let d(u) = 282*u**2 + 12*u - 75. Let l be d(4). Calculate the greatest common factor of l and 2392.
299
Let l(s) = -4*s - 79 - 2*s + 2*s - 3*s. Let u be l(-19). What is the highest common factor of 90 and u?
18
Suppose 0 = -3*y - 5*k + 342, 89*y - 87*y - 203 = 5*k. Calculate the greatest common factor of 6431 and y.
109
Let p = 1444 + -1179. Calculate the greatest common divisor of 689 and p.
53
Suppose 0 = 54*o - 67*o + 1079. Let q = -122 + 205. What is the highest common divisor of q and o?
83
Suppose 0 = 5*y - 13 - 2. Let v be -5 + y + 1 - -3. Let o be 6/18 + 23/3. Calculate the greatest common divisor of v and o.
2
Suppose 0 = -22*g + 1876 + 3272. What is the highest common divisor of g and 390?
78
Let u be (-49)/(1470/(-281380)) - (3/9)/1. What is the highest common divisor of 339 and u?
113
Let y(f) = -7*f + 73. Let n be y(10). Let g be 2 - n/(2 + -5). Suppose g*h - 10*h + 336 = 0. Calculate the greatest common factor of h and 384.
48
Let c = 8 - -5. Let j be 2 - 38/16 - 27347/(-328). Let m = j + -31. What is the greatest common divisor of m and c?
13
Let r = -3 + 4. Let d = 5883 + -5882. Suppose -2*c + r + d = 0. What is the greatest common divisor of 17 and c?
1
Let l be -2*(-2 - (-15)/10)*12. Let n = 37 + -21. Let k(i) = i**2 - 12*i - 28. Let x be k(n). What is the greatest common divisor of x and l?
12
Suppose -3*a = -2*t + 17, 3*t + 2*a + 6 = 4*t. What is the greatest common divisor of t and 37072?
16
Let c(s) = -86*s - 47. Let q be c(-4). Let y = q + -285. Calculate the greatest common factor of 42 and y.
6
Let x(m) = 47*m - 11. Let z be x(4). Suppose 7 = -176*w + z*w. Suppose -w*q + 150 = -q. What is the highest common factor of 175 and q?
25
Let n(b) = b**2 + 4*b - 609. Let w be n(-48). Calculate the highest common factor of 167 and w.
167
Let f = 590 - 545. Let q be 5/(-2)*3/(f/(-48)). Calculate the highest common divisor of 72 and q.
8
Let b = 22 + -24. Let l be (-127 + 4 + (-7)/1)/b. What is the highest common factor of l and 13?
13
Suppose 3*b = 38 + 16. Let x be (b/(-15))/(13/5 - 3). What is the highest common factor of 4 and x?
1
Let t(h) be the third derivative of h**5/60 - h**4/4 + 11*h**3/3 - 5*h**2 - 1. Let x be t(7). What is the highest common factor of x and 29?
29
Suppose -2*g + 1 = -17. Suppose 5*j = -3*r + 4*r - 42, -2*r - 5*j + g = 0. Let i be (233 - -5)/(-1 - (0 - 3)). Calculate the highest common divisor of r and i.
17
Suppose 0 = 4*l - 3*m, -2*m - 2*m + 4 = -4*l. Suppose -22*j + 11438 = -l*j. What is the highest common divisor of 28 and j?
14
Suppose -17*p - 2072 = -63*p + 18*p. What is the highest common divisor of 962 and p?
74
Let f(v) = -7*v - 4 + 9 - 4*v + 37*v - 13*v**2 + 44*v. Let a be f(4). What is the greatest common factor of 11 and a?
11
Suppose 4*t - 4*r + 1361 = 11137, 5*t - 4*r - 12224 = 0. What is the highest common divisor of 17 and t?
17
Suppose -12*v = 5*v + 170. Let b(u) = -u**3 - 6*u**2 + 12*u - 14. Let c be b(v). What is the highest common divisor of c and 38?
38
Let t be 1*-7 + ((-147)/392)/(1/(-16552)). What is the highest common divisor of 80 and t?
40
Let y be (21 - (19 - 10))*119/3. Calculate the greatest common divisor of 2244 and y.
68
Let r be ((-306)/(-8))/(1/4). Let o(t) = -12716*t - 63529. Let k be o(-5). Calculate the greatest common divisor of k and r.
51
Let j be 170/(-136) + 1082/8. What is the greatest common divisor of j and 1072?
134
Let s(r) = r**2 - 30*r - 37. Suppose 0 = 38*h - 26*h - 396. Let u be s(h). What is the greatest common factor of 2 and u?
2
Let q(x) = 6*x**2 - 335*x + 2740. Let r be q(8). What is the highest common factor of r and 777?
111
Let d(h) = 333*h - 1651. Let l be d(5). What is the greatest common factor of l and 22?
2
Suppose 56*z + 5*z = 9333. What is the greatest common factor of 7344 and z?
153
Suppose 0 = n + 4*h - 23, -2*n - 192 = -9*n + 3*h. What is the highest common factor of n and 1161?
27
Suppose -254*r = -241*r - 715. What is the highest common factor of r and 1309?
11
Let g be 3*(-3)/(54/30). Let j be 272/g*155/(-62). What is the highest common divisor of 16 and j?
8
Let w = -335 + 332. Let b be ((-456)/40 - w)/(1/(-5)). Calculate the greatest common factor of b and 98.
14
Let q(x) = -x**3 - 9*x**2 - 2*x - 14. Let g be q(-9). Suppose 5*d - 4*n - 8 = 0, -g*d + 5 = -n - 8. What is the highest common factor of d and 3?
1
Suppose -29*y - 127*y + 61*y + 858040 = 0. Calculate the highest common divisor of y and 8.
8
Let w = 15059 - 14987. Calculate the greatest common factor of w and 6408.
72
Let g be (268/201)/(-1 + -1 - (-169)/84). Calculate the greatest common factor of g and 7168.
112
Let c = 31 + 29. Let l be (9/(-5))/((-18)/c). Suppose -t + l = -38. Calculate the highest common factor of t and 11.
11
Let j = -10370 - -10621. What is the greatest common factor of j and 5?
1
Let u be (-2 - 1)*2240/(-48). What is the greatest common factor of u and 240?
20
Let p = -2135 - -2177. Let t be 3/(-2) - 59/(-2). What is the greatest common factor of p and t?
14
Let v = -703 + 985. Suppose -5*d = -2*y + 327, -5*d + v = 3*y - 171. Calculate the highest common factor of y and 39.
39
Suppose -2*k + 5402 = 3*g, 9*g - 2700 = -k + 7*g. What is the highest common factor of k and 156?
52
Let l be -121*(-4 + 0 + 3). Let r = 745 + -349. Suppose -19*f + 55*f = r. What is the greatest common factor of l and f?
1